{"id":35,"date":"2023-11-25T15:30:31","date_gmt":"2023-11-25T15:30:31","guid":{"rendered":"https:\/\/kristalsteypa.is\/?page_id=35"},"modified":"2026-03-25T17:59:49","modified_gmt":"2026-03-25T17:59:49","slug":"forsida","status":"publish","type":"page","link":"https:\/\/kristalsteypa.is\/","title":{"rendered":"Vatnsheld steinsteypa me\u00f0 kristalt\u00e6kni"},"content":{"rendered":"<p>[et_pb_section fb_built=&#8220;1&#8243; admin_label=&#8220;Header&#8220; _builder_version=&#8220;4.18.0&#8243; _module_preset=&#8220;default&#8220; custom_padding=&#8220;0px||0px||true|false&#8220; locked=&#8220;off&#8220; collapsed=&#8220;on&#8220; global_colors_info=&#8220;{}&#8220;][et_pb_row column_structure=&#8220;1_2,1_2&#8243; use_custom_gutter=&#8220;on&#8220; gutter_width=&#8220;1&#8243; make_equal=&#8220;on&#8220; _builder_version=&#8220;4.23.1&#8243; _module_preset=&#8220;default&#8220; background_color=&#8220;#474747&#8243; width=&#8220;100%&#8220; max_width=&#8220;100%&#8220; custom_padding=&#8220;0px||0px||true|false&#8220; global_colors_info=&#8220;{}&#8220;][et_pb_column type=&#8220;1_2&#8243; _builder_version=&#8220;4.18.0&#8243; _module_preset=&#8220;default&#8220; custom_padding=&#8220;10%|4%|10%|8%|true|false&#8220; global_colors_info=&#8220;{}&#8220;][et_pb_text _builder_version=&#8220;4.23.1&#8243; _module_preset=&#8220;c16985e1-e0d6-4022-964d-e2bfc04fa633&#8243; header_font=&#8220;Playfair Display|700|||||||&#8220; header_text_color=&#8220;#FFFFFF&#8220; header_font_size=&#8220;75px&#8220; header_line_height=&#8220;1.1em&#8220; custom_margin=&#8220;||30px||false|false&#8220; header_font_size_tablet=&#8220;40px&#8220; header_font_size_phone=&#8220;24px&#8220; header_font_size_last_edited=&#8220;on|desktop&#8220; global_colors_info=&#8220;{}&#8220;]<\/p>\n<h1>Vatnsheld steinsteypa me\u00f0 kristalt\u00e6kni<\/h1>\n<p>[\/et_pb_text][et_pb_text _builder_version=&#8220;4.23.1&#8243; _module_preset=&#8220;1f09816e-184e-4ce5-a4cf-b39c52c423ca&#8220; text_font=&#8220;Nanum Gothic||||||||&#8220; text_text_color=&#8220;#FFFFFF&#8220; text_font_size=&#8220;16px&#8220; text_line_height=&#8220;1.8em&#8220; custom_margin=&#8220;||30px||false|false&#8220; text_font_size_tablet=&#8220;15px&#8220; text_font_size_phone=&#8220;14px&#8220; text_font_size_last_edited=&#8220;on|phone&#8220; header_font_size_tablet=&#8220;55px&#8220; header_font_size_last_edited=&#8220;off|desktop&#8220; global_colors_info=&#8220;{}&#8220;]Kristal sj\u00e1lf\u00fe\u00e9ttandi steypa me\u00f0 C-S-H virkni. Steypan ver\u00f0ur b\u00e6\u00f0i \u00fe\u00e9ttari og sterkari!![\/et_pb_text][\/et_pb_column][et_pb_column type=&#8220;1_2&#8243; _builder_version=&#8220;4.23.1&#8243; _module_preset=&#8220;default&#8220; background_image=&#8220;https:\/\/kristalsteypa.is\/wp-content\/uploads\/2023\/11\/header.jpg&#8220; parallax=&#8220;on&#8220; global_colors_info=&#8220;{}&#8220;][et_pb_divider show_divider=&#8220;off&#8220; _builder_version=&#8220;4.18.0&#8243; _module_preset=&#8220;default&#8220; height_tablet=&#8220;40vw&#8220; height_phone=&#8220;40vw&#8220; height_last_edited=&#8220;on|desktop&#8220; global_colors_info=&#8220;{}&#8220;][\/et_pb_divider][\/et_pb_column][\/et_pb_row][\/et_pb_section][et_pb_section fb_built=&#8220;1&#8243; admin_label=&#8220;About&#8220; _builder_version=&#8220;4.18.0&#8243; _module_preset=&#8220;default&#8220; custom_padding=&#8220;0px||0px||true|false&#8220; locked=&#8220;off&#8220; collapsed=&#8220;on&#8220; global_colors_info=&#8220;{}&#8220;][et_pb_row column_structure=&#8220;1_2,1_2&#8243; use_custom_gutter=&#8220;on&#8220; gutter_width=&#8220;1&#8243; make_equal=&#8220;on&#8220; _builder_version=&#8220;4.27.6&#8243; _module_preset=&#8220;default&#8220; width=&#8220;100%&#8220; max_width=&#8220;100%&#8220; custom_padding=&#8220;0px||0px||true|false&#8220; global_colors_info=&#8220;{}&#8220;][et_pb_column type=&#8220;1_2&#8243; _builder_version=&#8220;4.27.6&#8243; _module_preset=&#8220;default&#8220; background_image=&#8220;https:\/\/kristalsteypa.is\/wp-content\/uploads\/2026\/03\/H1.jpg&#8220; global_colors_info=&#8220;{}&#8220;][et_pb_divider show_divider=&#8220;off&#8220; _builder_version=&#8220;4.18.0&#8243; _module_preset=&#8220;default&#8220; height_tablet=&#8220;60vw&#8220; height_phone=&#8220;60vw&#8220; height_last_edited=&#8220;on|desktop&#8220; global_colors_info=&#8220;{}&#8220;][\/et_pb_divider][\/et_pb_column][et_pb_column type=&#8220;1_2&#8243; _builder_version=&#8220;4.18.0&#8243; _module_preset=&#8220;default&#8220; custom_padding=&#8220;8%|10%|8%|10%|true|true&#8220; global_colors_info=&#8220;{}&#8220;][et_pb_text _builder_version=&#8220;4.27.6&#8243; _module_preset=&#8220;b327cbe4-b1d5-4b66-ad37-40c8f2f061ba&#8220; header_font=&#8220;Playfair Display|700|||||||&#8220; header_font_size=&#8220;37px&#8220; header_2_font=&#8220;Playfair Display|700|||||||&#8220; header_2_text_color=&#8220;#000000&#8243; header_2_font_size=&#8220;27px&#8220; header_2_line_height=&#8220;1.35em&#8220; custom_margin=&#8220;||30px||false|false&#8220; header_2_font_size_tablet=&#8220;32px&#8220; header_2_font_size_phone=&#8220;20px&#8220; header_2_font_size_last_edited=&#8220;on|desktop&#8220; global_colors_info=&#8220;{}&#8220;]<\/p>\n<h1>B\u00edlast\u00e6\u00f0aplata \u00ed Hamraborg me\u00f0h\u00f6ndlu\u00f0 me\u00f0 Kristaline 1.<\/h1>\n<p>[\/et_pb_text][et_pb_text _builder_version=&#8220;4.27.6&#8243; _module_preset=&#8220;1f09816e-184e-4ce5-a4cf-b39c52c423ca&#8220; text_font=&#8220;||||||||&#8220; text_font_size=&#8220;16px&#8220; text_line_height=&#8220;1.8em&#8220; custom_margin=&#8220;||30px||false|false&#8220; text_font_size_tablet=&#8220;15px&#8220; text_font_size_phone=&#8220;14px&#8220; text_font_size_last_edited=&#8220;on|phone&#8220; header_font_size_tablet=&#8220;55px&#8220; header_font_size_last_edited=&#8220;off|desktop&#8220; global_colors_info=&#8220;{}&#8220;]<\/p>\n<p>Sumari\u00f0 2025 var 3.200 m2 b\u00edlast\u00e6\u00f0aplata \u00ed Hamraborg me\u00f0h\u00f6ndlu\u00f0 me\u00f0 Kristaline1.<br \/>H\u00e6gt er a\u00f0 lesa meira um framkv\u00e6mdina og sko\u00f0a lj\u00f3smyndir <a href=\"https:\/\/kristalsteypa.is\/index.php\/hamraborg\/\">h\u00e9r.<\/a><\/p>\n<p>[\/et_pb_text][\/et_pb_column][\/et_pb_row][et_pb_row column_structure=&#8220;1_2,1_2&#8243; use_custom_gutter=&#8220;on&#8220; gutter_width=&#8220;1&#8243; make_equal=&#8220;on&#8220; _builder_version=&#8220;4.27.6&#8243; _module_preset=&#8220;default&#8220; width=&#8220;100%&#8220; max_width=&#8220;100%&#8220; custom_padding=&#8220;0px||0px||true|false&#8220; global_colors_info=&#8220;{}&#8220;][et_pb_column type=&#8220;1_2&#8243; _builder_version=&#8220;4.18.0&#8243; _module_preset=&#8220;default&#8220; custom_padding=&#8220;8%|10%|8%|10%|true|true&#8220; global_colors_info=&#8220;{}&#8220;][et_pb_text _builder_version=&#8220;4.23.1&#8243; _module_preset=&#8220;b327cbe4-b1d5-4b66-ad37-40c8f2f061ba&#8220; header_font=&#8220;Playfair Display|700|||||||&#8220; header_font_size=&#8220;37px&#8220; header_2_font=&#8220;Playfair Display|700|||||||&#8220; header_2_text_color=&#8220;#000000&#8243; header_2_font_size=&#8220;27px&#8220; header_2_line_height=&#8220;1.35em&#8220; custom_margin=&#8220;||30px||false|false&#8220; header_2_font_size_tablet=&#8220;32px&#8220; header_2_font_size_phone=&#8220;20px&#8220; header_2_font_size_last_edited=&#8220;on|desktop&#8220; global_colors_info=&#8220;{}&#8220;]<\/p>\n<h1>Straumhv\u00f6rf \u00ed steypuframlei\u00f0slu.<\/h1>\n<h2>Kristal sj\u00e1lf\u00fe\u00e9ttandi steypa me\u00f0 C-S-H virkni<br \/>\nSteypan ver\u00f0ur b\u00e6\u00f0i \u00fe\u00e9ttari og sterkari!!<\/h2>\n<p>[\/et_pb_text][et_pb_text _builder_version=&#8220;4.23.1&#8243; _module_preset=&#8220;1f09816e-184e-4ce5-a4cf-b39c52c423ca&#8220; text_font=&#8220;||||||||&#8220; text_font_size=&#8220;16px&#8220; text_line_height=&#8220;1.8em&#8220; custom_margin=&#8220;||30px||false|false&#8220; text_font_size_tablet=&#8220;15px&#8220; text_font_size_phone=&#8220;14px&#8220; text_font_size_last_edited=&#8220;on|phone&#8220; header_font_size_tablet=&#8220;55px&#8220; header_font_size_last_edited=&#8220;off|desktop&#8220; global_colors_info=&#8220;{}&#8220;]\u00cdslenskur a\u00f0all ehf. hefur um langt skei\u00f0 bo\u00f0i\u00f0 sementsbundi\u00f0 \u00edbl\u00f6ndunar efni, XYPEX, sem spornar vi\u00f0 rakamyndun \u00ed steypu me\u00f0 kristalverkun.<br \/>\nXYPEX hefur veri\u00f0 nota\u00f0 til a\u00f0 \u00fe\u00e9tta steypu h\u00e9r \u00e1 landi s\u00ed\u00f0an 1993 og er \u00fev\u00ed komin um 30 \u00e1ra reynsla \u00e1 notkun \u00feess.<br \/>\nXYPEX var bori\u00f0 \u00e1 br\u00fa yfir \u00e1nna Brei\u00f0balakv\u00edsl r\u00e9tt austan Kirkjub\u00e6jarklausturs \u00e1ri\u00f0 1993.<br \/>\n[\/et_pb_text][\/et_pb_column][et_pb_column type=&#8220;1_2&#8243; _builder_version=&#8220;4.23.1&#8243; _module_preset=&#8220;default&#8220; background_image=&#8220;https:\/\/kristalsteypa.is\/wp-content\/uploads\/2023\/11\/tankur-blv-2.jpg&#8220; global_colors_info=&#8220;{}&#8220;][et_pb_divider show_divider=&#8220;off&#8220; _builder_version=&#8220;4.18.0&#8243; _module_preset=&#8220;default&#8220; height_tablet=&#8220;60vw&#8220; height_phone=&#8220;60vw&#8220; height_last_edited=&#8220;on|desktop&#8220; global_colors_info=&#8220;{}&#8220;][\/et_pb_divider][\/et_pb_column][\/et_pb_row][et_pb_row column_structure=&#8220;1_2,1_2&#8243; use_custom_gutter=&#8220;on&#8220; gutter_width=&#8220;1&#8243; make_equal=&#8220;on&#8220; _builder_version=&#8220;4.27.6&#8243; _module_preset=&#8220;default&#8220; width=&#8220;100%&#8220; max_width=&#8220;100%&#8220; custom_padding=&#8220;0px||0px||true|false&#8220; global_colors_info=&#8220;{}&#8220;][et_pb_column type=&#8220;1_2&#8243; _builder_version=&#8220;4.23.1&#8243; _module_preset=&#8220;default&#8220; background_image=&#8220;https:\/\/kristalsteypa.is\/wp-content\/uploads\/2023\/11\/tankur-blv-3.jpg&#8220; global_colors_info=&#8220;{}&#8220;][et_pb_divider show_divider=&#8220;off&#8220; _builder_version=&#8220;4.18.0&#8243; _module_preset=&#8220;default&#8220; height_tablet=&#8220;60vw&#8220; height_phone=&#8220;60vw&#8220; height_last_edited=&#8220;on|desktop&#8220; global_colors_info=&#8220;{}&#8220;][\/et_pb_divider][\/et_pb_column][et_pb_column type=&#8220;1_2&#8243; _builder_version=&#8220;4.18.0&#8243; _module_preset=&#8220;default&#8220; custom_padding=&#8220;8%|10%|8%|10%|true|true&#8220; global_colors_info=&#8220;{}&#8220;][et_pb_text _builder_version=&#8220;4.23.1&#8243; _module_preset=&#8220;1f09816e-184e-4ce5-a4cf-b39c52c423ca&#8220; text_font=&#8220;||||||||&#8220; text_font_size=&#8220;16px&#8220; text_line_height=&#8220;1.8em&#8220; custom_margin=&#8220;||30px||false|false&#8220; text_font_size_tablet=&#8220;15px&#8220; text_font_size_phone=&#8220;14px&#8220; text_font_size_last_edited=&#8220;on|phone&#8220; header_font_size_tablet=&#8220;55px&#8220; header_font_size_last_edited=&#8220;off|desktop&#8220; global_colors_info=&#8220;{}&#8220;]Ranns\u00f3kn var ger\u00f0 \u00e1ri\u00f0 2005 \u00e1 vegum VGH H\u00f6nnunar, Vegager\u00f0arinnar, Landsvirkjunar og \u00cdb\u00fa\u00f0al\u00e1nasj\u00f3\u00f0s. S\u00fdni voru tekin \u00far br\u00fanni og ranns\u00f6ku\u00f0 til a\u00f0 m\u00e6la virkni kristalla \u00ed steypunni. \u00deessari ranns\u00f3knarvinnu st\u00fdr\u00f0i dr. G\u00edsli Gu\u00f0mundsson. Ni\u00f0ursta\u00f0a ranns\u00f3knarinnar var mj\u00f6g afgerandi og s\u00fdndi vel virkni XYPEX.<br \/>\nEinnig var ger\u00f0 ranns\u00f3kn \u00fear sem XYPEX ADMIX \u00edbl\u00f6ndunarefni var rannsaka\u00f0.<br \/>\nNi\u00f0ursta\u00f0a var s\u00fa sama. ( sj\u00e1 www.adall.is undir li\u00f0num ranns\u00f3knir).<br \/>\nXYPEX efnin hafa veri\u00f0 r\u00e1\u00f0andi \u00ed heiminum alveg fr\u00e1 sj\u00f6unda \u00e1ratug s\u00ed\u00f0ustu aldar.<br \/>\nEfnin hafa \u00e1n nokkurs vafa s\u00fdnt fram \u00e1 \u00e1g\u00e6ti sitt og eru notu\u00f0 um allan heim \u00ed dag.<br \/>\nHins vegar hefur ver\u00f0lagning \u00e1 XYPEX haft takmarkandi \u00e1hrif \u00e1 \u00fatbrei\u00f0slu og s\u00f6lu.<br \/>\n\u00cdslenskur a\u00f0all hefur \u00fev\u00ed leita\u00f0 logandi lj\u00f3si a\u00f0 efni sem v\u00e6ri me\u00f0 svipa\u00f0a virkni en \u00e1 hagkv\u00e6mara ver\u00f0i. N\u00fa vir\u00f0ist s\u00fa leit \u00e1 enda vera.<br \/>\n[\/et_pb_text][\/et_pb_column][\/et_pb_row][et_pb_row _builder_version=&#8220;4.23.1&#8243; _module_preset=&#8220;default&#8220; global_colors_info=&#8220;{}&#8220;][et_pb_column type=&#8220;4_4&#8243; _builder_version=&#8220;4.23.1&#8243; _module_preset=&#8220;default&#8220; global_colors_info=&#8220;{}&#8220;][et_pb_text _builder_version=&#8220;4.24.0&#8243; _module_preset=&#8220;default&#8220; text_font_size=&#8220;16px&#8220; text_line_height=&#8220;1.8em&#8220; global_colors_info=&#8220;{}&#8220;]<\/p>\n<p>\u00c1 Sp\u00e1ni er a\u00f0ili, <span><a href=\"https:\/\/krystaline.es\/en\/home\/\" target=\"_blank\" rel=\"noopener\">Krystaline Technology S.A.<\/a>, <\/span>\u00a0sem hefur um skei\u00f0 framleitt efni, KRYSTALINE, sem vir\u00f0ist vera samb\u00e6rilegt XYPEX hva\u00f0 var\u00f0ar vatns\u00fe\u00e9ttingu \u00e1 steinsteypu. Efni\u00f0 hefur einnig C.S.H. virkni e\u00f0a possolan virkni sem gerir steypuna mun sterkari.<br \/>KRYSTALINE er n\u00fdrra og er auk \u00feess mun hagkv\u00e6mara \u00ed notkun en XYPEX. Sem d\u00e6mi \u00fe\u00e1 \u00fearf bara 1 kg\/m3 af \u00feessu efni sama hvert magn sements er \u00ed steypubl\u00f6ndunni, saman bori\u00f0 vi\u00f0 3-7 kg\/m3 af XYPEX. Efni\u00f0 er pakka\u00f0 \u00ed 1 k\u00edl\u00f3a plasthulsur sem leysast upp \u00ed vatni og er sett me\u00f0 \u00f6\u00f0rum \u00feurrefnum \u00ed steypuna.<br \/>Einnig er sami framlei\u00f0endi me\u00f0 steypu\u00feekju og m\u00farefni \u00ed \u00e6tt vi\u00f0 XYPEX CONCENTRATE en me\u00f0 C-S-H virkni.<br \/>KRYSTALINE C-S-H er n\u00fa \u00feegar nota\u00f0 \u00ed yfir 25 l\u00f6ndum v\u00ed\u00f0a um heim.<br \/>Sj\u00e1: http:\/\/www.krystalinetechnology.com\/<br \/>G\u00edsli Gu\u00f0mundsson er \u00cdslenskum a\u00f0li ehf. innan handar \u00ed t\u00e6knilegum efnum.<br \/>\u00cdslenskur a\u00f0all ehf. hefur n\u00fa gert samning vi\u00f0 framlei\u00f0enda um a\u00f0 vera fulltr\u00fai hans \u00e1 \u00cdslandsmarka\u00f0i.<\/p>\n<p>St\u00e6rsti hluti sements eru kals\u00edum s\u00edlik\u00f6t.<br \/>\u00deegar sementi\u00f0 blotnar \u00fe.e.a.s. \u00feegar steypa er ger\u00f0 \u00fe\u00e1 ver\u00f0a til tv\u00e6r kals\u00edum bindingar.<br \/>Annars vegar kals\u00edum \u2013 h\u00fddrox\u00ed\u00f0 kalla\u00f0 C-H<br \/>og hins vegar kals\u00edum-s\u00edlikat-h\u00fddrad kalla\u00f0 C-S-H sem er hin eiginlega sementsefja.<\/p>\n<p>C-H Ca(OH)2<br \/>C-H er l\u00edka kalla\u00f0 Portlandite. \u00dea\u00f0 er \u00ed stuttu m\u00e1li efni\u00f0 sem vi\u00f0 viljum hafa sem minnst af \u00ed steypunni.<br \/>\u00dea\u00f0 er mj\u00fakt og myndar m.a. gel og getur leki\u00f0 \u00fat \u00far steypunni. C-H \u00ed sambandi vi\u00f0 kold\u00edox\u00ed\u00f0 og vatn lei\u00f0ir til karb\u00f3niseringar steypunnar. Einnig geta myndast \u00f3\u00e6skileg samb\u00f6nd vi\u00f0 C-H \u00ed brennisteinsr\u00edku umhverfi og \u00fatkoman ver\u00f0ur gifs.<br \/>Me\u00f0 KRYSTALINE minnkar C-H myndunin um 25%<\/p>\n<p>C-S-H (CaO) +(SiO2) + (H2O)<br \/>\u00deetta efni ver\u00f0ur til \u00feegar steypa har\u00f0nar.<br \/>C-S-H er \u00fea\u00f0 sem bindur steypuna saman.<br \/>\u00deetta er \u00e6skilega k\u00edsilbindingin.<br \/>Me\u00f0 KRYSTALINE eykst C-S-H myndunin um 36%<\/p>\n<p>Krystaline sj\u00e1lf\u00fe\u00e9ttandi efni byggir \u00e1 hinni byltingarkenndu C-S-H t\u00e6kni.<br \/>Me\u00f0 henni er komin n\u00e6sta kynsl\u00f3\u00f0 vatns\u00fe\u00e9ttiefna.<br \/>Kristal C-S-H t\u00e6knin b\u00e6tir h\u00f6rnunarferli steypunnar til muna.<br \/>\u00dea\u00f0 \u00fe\u00fd\u00f0ir a\u00f0 C-S-H myndunin ver\u00f0ur mun meiri og \u00f6rari \u00e1 kostna\u00f0 C-H sem myndast mun h\u00e6gar en ella.<br \/>\u00deetta ver\u00f0ur til \u00feess a\u00f0 steypan ver\u00f0ur miklu \u00feolnari og endingarbetri.<\/p>\n<p>\u00c1vinningur Krystaline C-S-H umfram \u00f6nnur kristalefni:<br \/>Miklu meiri vatns\u00fe\u00e9tting til b\u00e6\u00f0i styttri og lengri t\u00edma.<br \/>Gr\u00ed\u00f0arleg v\u00f6rn gegn h\u00e1um vatns\u00fer\u00fdstingi.<br \/>Merkjanlegur munur \u00e1 b\u00e6\u00f0i \u00fer\u00fdstistyrk og tog\u00feoli.<br \/>Sta\u00f0fest \u00fe\u00e9tting \u00f6rp\u00f3ra vi\u00f0 yfirbor\u00f0 \u00e1 28 daga h\u00f6rnunart\u00edma.<br \/>Ranns\u00f3knir s\u00fdna fram \u00e1 sj\u00e1lf\u00fe\u00e9ttingu \u00ed sprungum allt a\u00f0 0.7 mm a\u00f0 breidd.<br \/>Sta\u00f0fest og votta\u00f0 a\u00f0 Kristal C-S-H kemur \u00ed sta\u00f0 vatnsverjandi d\u00faka.<br \/>Sta\u00f0fest og votta\u00f0 a\u00f0 Kristal C-S-H kemur \u00ed sta\u00f0 vatnsverjandi yfirbor\u00f0sefna.<br \/>St\u00f3rlega auki\u00f0 \u00feol og ending steypunnar.<\/p>\n<p>Heftu\u00f0 myndun C-H ( Kals\u00edum H\u00fddrox\u00ed\u00f0) me\u00f0 Kristal C-S-H t\u00e6kni n\u00e6st eftirfarandi \u00e1vinningur umfram hef\u00f0bundna kristalvirkni.<br \/>Kemur \u00ed veg fyrir r\u00fdrnun og \u00feannig helst styrkur og \u00fe\u00e9ttleiki steypunnar varanlega.<br \/>Kemur \u00ed veg fyrir karboniseringu, ferli sem eykur hr\u00f6rnun.<br \/>Kemur \u00ed veg fyrir t\u00e6ringu vegna myndunar gifs og ettringer gels.<br \/>Eykur styrk og endingu steypunnar.<br \/>Me\u00f0 \u00fev\u00ed a\u00f0 notast vi\u00f0 Krystaline C-S-H t\u00e6kni ver\u00f0ur til verulegur sparna\u00f0ur vi\u00f0 vatsn\u00fe\u00e9ttingu og vi\u00f0hald ver\u00f0ur \u00ed algj\u00f6ru l\u00e1gmarki um \u00f3komna framt\u00ed\u00f0<\/p>\n<p>[\/et_pb_text][\/et_pb_column][\/et_pb_row][\/et_pb_section][et_pb_section fb_built=&#8220;1&#8243; admin_label=&#8220;About&#8220; _builder_version=&#8220;4.18.0&#8243; _module_preset=&#8220;default&#8220; custom_padding=&#8220;0px||0px||true|false&#8220; locked=&#8220;off&#8220; collapsed=&#8220;on&#8220; global_colors_info=&#8220;{}&#8220;][et_pb_row _builder_version=&#8220;4.23.1&#8243; _module_preset=&#8220;default&#8220; global_colors_info=&#8220;{}&#8220;][et_pb_column type=&#8220;4_4&#8243; _builder_version=&#8220;4.23.1&#8243; _module_preset=&#8220;default&#8220; global_colors_info=&#8220;{}&#8220;][et_pb_text _builder_version=&#8220;4.27.6&#8243; _module_preset=&#8220;default&#8220; text_font_size=&#8220;16px&#8220; text_line_height=&#8220;1.8em&#8220; hover_enabled=&#8220;0&#8243; global_colors_info=&#8220;{}&#8220; sticky_enabled=&#8220;0&#8243;]<\/p>\n<p style=\"text-align: center;\"><strong>PRA kerfi\u00f0.<\/strong><\/p>\n<p>\u00cd kafla 15 \u00ed sk\u00fdrslu Bandar\u00edsku steinsteypustofnunarinnar \u201eAmerican Concrete Institude\u201c (ACI) 212.3R10 eru vatnsverjandi \u00edbl\u00f6ndunarefni \u201c Permeability Reducing Admixtures\u201c ( PRA) \u00ed steypu skipt \u00ed tvo flokka. PRAN og PRAH.<br \/>N stendur fyrir vatnsv\u00f6rn \u00e1n \u00fer\u00fdstings (Non-Hydrostatic)<br \/>H stendur fyrir vatnsv\u00f6rn undir \u00fer\u00fdstingi. (Hydrostatic)<\/p>\n<p>\u00deegar kemur a\u00f0 vatnsv\u00f6rn \u00fe\u00e1 er h\u00e6gt a\u00f0 skipta henni \u00ed:<\/p>\n<p><strong>Vatnsfr\u00e1hrindandi vatnsv\u00f6rn (HYROPHOBIC)<\/strong><br \/><strong>Vatnsdr\u00e6g vatnsv\u00f6rn (HYDROPHILIC)<\/strong><br \/><strong>\u00d3virk\/ virk fylliefni<\/strong><\/p>\n<p><strong>Vatnsfr\u00e1hrindandi vatnsv\u00f6rn<\/strong><br \/>Lang flest efni sem falla \u00ed \u00feennan h\u00f3p eru vatnsfr\u00e1hrindandi.<br \/>\u00deetta eru s\u00f6lt sem eru bygg\u00f0 \u00e1 t.d. s\u00e1pum, jurtaol\u00edum, fitus\u00fdrum og ol\u00edum (Petroleum based).<br \/>\u00deessi efni mynda vatnsverjandi lag \u00ed holr\u00fdmum yfirbor\u00f0sins en loka \u00fev\u00ed ekki.<br \/>Algengast eru a\u00f0 s\u00f6ltin byggist \u00e1 kals\u00edum, ammon\u00edaki og butyl stearati.<br \/>\u00deessi efni ganga \u00ed samband vi\u00f0 kals\u00edum h\u00fddrox\u00ed\u00f0 og mynda \u00f3uppleysanlegt kals\u00edum streat, \u00feau mynda vatnshrindandi h\u00fa\u00f0 vi\u00f0 yfirbor\u00f0 steypunnar.<br \/>Steypa sem me\u00f0h\u00f6ndlu\u00f0 hefur veri\u00f0 me\u00f0 \u00feannig efnum (\u00fear me\u00f0 tali\u00f0 vax og bikandi fleyti (bituminous emulsions) n\u00e6r ekki a\u00f0 loka holr\u00fdmum fyllilega<br \/>\u00deessi efni er \u00e1g\u00e6tis vatnsv\u00f6rn og ve\u00f0urv\u00f6rn \u00fear sem \u00fer\u00fdstingur er ekki til sta\u00f0ar.<br \/>\u00de\u00f3 a\u00f0 \u00ed einhverjum tilfellum geti efnin \u00fe\u00e9tt yfirbor\u00f0i\u00f0 \u00fea\u00f0 miki\u00f0 a\u00f0 \u00feau f\u00e9llu undir PRAH skilgreininguna. En \u00fear sem \u00feau hafa ekki sj\u00e1lf\u00fe\u00e9ttieiginleka n\u00e1 \u00feau \u00fev\u00ed ekki.<br \/>\u00deessi efni f\u00e1 skilgreininguna PRAN hj\u00e1 ACI.<\/p>\n<p><strong>\u00d3virk\/virk fylliefni.<\/strong><br \/>Efni sem bygg\u00f0 eru \u00e1 talki, bent\u00f3n\u00edti, k\u00edslidufti, leir, kolvetnisresini og kaldri tj\u00f6ru eru \u00f3virk efni.<br \/>Virku efnin byggjast t.d. \u00e1 kalki, s\u00edl\u00edk\u00f6tum og k\u00edsilkvo\u00f0u.<br \/>\u00deessi efni \u00fe\u00e9tta yfirbor\u00f0i\u00f0 en n\u00e1 ekki a\u00f0 loka \u00f6llum holr\u00fdmum.<br \/>Vatni\u00f0 n\u00e6r \u00fev\u00ed a\u00f0 komast inn \u00ed steypuna.<br \/>\u00ed sama flokk skipar ACI flug\u00f6sku, gjalli, k\u00edsilryki og \u00f6\u00f0rum \u201ePozzol\u00f6num\u201c.<br \/>\u00deessi efni f\u00e1 skilgreininguna PRAN hj\u00e1 ACI<\/p>\n<p><strong>Vatnsdr\u00e6g vatnsv\u00f6rn. KRYSTALINE<\/strong><br \/>Vatnsdr\u00e6ga v\u00f6rnin gengur a\u00f0alega \u00fat \u00e1 a\u00f0 minka magn Kals\u00edum H\u00fddrox\u00ed\u00f0 (CH) og auka magn Kals\u00edum S\u00edlikat H\u00fddrad (CSH) \u00ed steypunni.<br \/>\u00deetta gerist me\u00f0 kristalframlei\u00f0slu \u00fear sem vatni\u00f0 \u00fer\u00fdstist inn \u00ed steypuna.<br \/>Kristallarnir ra\u00f0ast upp \u00ed blautu r\u00fdminu og n\u00e1 loks a\u00f0 \u00fe\u00e9tta \u00fea\u00f0 \u00feannig a\u00f0 vatni\u00f0 kemst ekki lengur a\u00f0.<br \/>Kristallarnir eru \u00f3uppleysanlegir og ver\u00f0a einfaldlega hluti af steypunni.<br \/>Ef n\u00fdjar sprungur myndast e\u00f0a vatni\u00f0 kemst inn \u00e1 annan h\u00e1tt fer kristalframlei\u00f0slan af sta\u00f0 a\u00f0 n\u00fdju og \u00fe\u00e9ttir.<br \/>\u00deessi kristalvirkni gerir \u00fea\u00f0 a\u00f0 verkum a\u00f0 steypan \u00feolir miki\u00f0 vatns\u00e1lag.<br \/>Efni me\u00f0 \u00feessari kristalvirkni eru skilgreind PRAH hj\u00e1 ACI.<\/p>\n<p>\u00dear sem ACI segir ekki hva\u00f0a efni standast PRAH heldur einungis hva\u00f0 \u00fearf til a\u00f0 f\u00e1 \u00fe\u00e1 skilgreiningu hefur KRYSTALINE l\u00e1ti\u00f0 gera ranns\u00f3knir sem s\u00fdna svo ekki s\u00e9 um villst a\u00f0 efni\u00f0 KRYSTALINE Add1 fellur \u00e1 \u00f6llum svi\u00f0um undir skilgreininguna PRAH hj\u00e1 ACI.<\/p>\n<p>[\/et_pb_text][\/et_pb_column][\/et_pb_row][\/et_pb_section][et_pb_section fb_built=&#8220;1&#8243; admin_label=&#8220;About&#8220; _builder_version=&#8220;4.18.0&#8243; _module_preset=&#8220;default&#8220; custom_padding=&#8220;0px||0px||true|false&#8220; locked=&#8220;off&#8220; collapsed=&#8220;on&#8220; global_colors_info=&#8220;{}&#8220;][\/et_pb_section]<\/p>\n","protected":false},"excerpt":{"rendered":"<p>Vatnsheld steinsteypa me\u00f0 kristalt\u00e6kni Kristal sj\u00e1lf\u00fe\u00e9ttandi steypa me\u00f0 C-S-H virkni. Steypan ver\u00f0ur b\u00e6\u00f0i \u00fe\u00e9ttari og sterkari!!B\u00edlast\u00e6\u00f0aplata \u00ed Hamraborg me\u00f0h\u00f6ndlu\u00f0 me\u00f0 Kristaline 1.Sumari\u00f0 2025 var 3.200 m2 b\u00edlast\u00e6\u00f0aplata \u00ed Hamraborg me\u00f0h\u00f6ndlu\u00f0 me\u00f0 Kristaline1.H\u00e6gt er a\u00f0 lesa meira um framkv\u00e6mdina og sko\u00f0a lj\u00f3smyndir h\u00e9r.Straumhv\u00f6rf \u00ed steypuframlei\u00f0slu. Kristal sj\u00e1lf\u00fe\u00e9ttandi steypa me\u00f0 C-S-H virkni Steypan ver\u00f0ur b\u00e6\u00f0i \u00fe\u00e9ttari og [&hellip;]<\/p>\n","protected":false},"author":1,"featured_media":0,"parent":0,"menu_order":0,"comment_status":"closed","ping_status":"closed","template":"","meta":{"_et_pb_use_builder":"on","_et_pb_old_content":"","_et_gb_content_width":"","footnotes":""},"class_list":["post-35","page","type-page","status-publish","hentry"],"_links":{"self":[{"href":"https:\/\/kristalsteypa.is\/index.php\/wp-json\/wp\/v2\/pages\/35","targetHints":{"allow":["GET"]}}],"collection":[{"href":"https:\/\/kristalsteypa.is\/index.php\/wp-json\/wp\/v2\/pages"}],"about":[{"href":"https:\/\/kristalsteypa.is\/index.php\/wp-json\/wp\/v2\/types\/page"}],"author":[{"embeddable":true,"href":"https:\/\/kristalsteypa.is\/index.php\/wp-json\/wp\/v2\/users\/1"}],"replies":[{"embeddable":true,"href":"https:\/\/kristalsteypa.is\/index.php\/wp-json\/wp\/v2\/comments?post=35"}],"version-history":[{"count":28,"href":"https:\/\/kristalsteypa.is\/index.php\/wp-json\/wp\/v2\/pages\/35\/revisions"}],"predecessor-version":[{"id":304,"href":"https:\/\/kristalsteypa.is\/index.php\/wp-json\/wp\/v2\/pages\/35\/revisions\/304"}],"wp:attachment":[{"href":"https:\/\/kristalsteypa.is\/index.php\/wp-json\/wp\/v2\/media?parent=35"}],"curies":[{"name":"wp","href":"https:\/\/api.w.org\/{rel}","templated":true}]}}